1, what is -1 + 111?
110
In base 4, what is 11113 + 12?
11131
In base 5, what is -2 + 41134?
41132
In base 15, what is 12e - 7?
127
In base 15, what is 2e5 - -5?
2ea
In base 6, what is 35000 + -1?
34555
In base 8, what is 1 - -426?
427
In base 5, what is 0 - -11?
11
In base 11, what is 469 - 17?
452
In base 9, what is 4 - -155?
160
In base 10, what is -158 + 2?
-156
In base 16, what is -2b2 - 2?
-2b4
In base 12, what is 6 + -2a5?
-29b
In base 6, what is -252 - -13?
-235
In base 16, what is 2d + e?
3b
In base 3, what is 2222220 - -1?
2222221
In base 12, what is 10374 + -3?
10371
In base 9, what is 34 + 325?
360
In base 15, what is -2b + 3?
-28
In base 3, what is -1 - 1002?
-1010
In base 8, what is -703 - 2?
-705
In base 3, what is 21 - 102?
-11
In base 12, what is -8a - -5?
-85
In base 6, what is 33241 + 5?
33250
In base 2, what is 100110 + -100010?
100
In base 8, what is -3 - -453?
450
In base 14, what is 6 + 17bb?
17c3
In base 10, what is 7 + 18?
25
In base 6, what is -4 + 205?
201
In base 13, what is -38c + -5?
-394
In base 16, what is 5a + 0?
5a
In base 5, what is -1434000 + -4?
-1434004
In base 6, what is 1 + 35404?
35405
In base 8, what is 10 - 103?
-73
In base 12, what is 1 - -233?
234
In base 9, what is -37 - -14?
-23
In base 2, what is -1000110 - -101?
-1000001
In base 13, what is 3 - -15b?
161
In base 9, what is -2 - -2?
0
In base 8, what is 1 + -7642?
-7641
In base 16, what is -3363 + 3?
-3360
In base 15, what is 7 + -31?
-29
In base 7, what is 12231 + 13?
12244
In base 16, what is 5 + 22?
27
In base 6, what is 152535 - 5?
152530
In base 12, what is -134 + -4?
-138
In base 9, what is 55 + 0?
55
In base 12, what is 5055 + -5?
5050
In base 10, what is 349 - -1?
350
In base 16, what is -3a28 + 2?
-3a26
In base 10, what is -3 - 363?
-366
In base 2, what is 10001 + -111?
1010
In base 5, what is -1322 + 34?
-1233
In base 6, what is 30 + -4415?
-4345
In base 8, what is -54 + -52?
-126
In base 3, what is 10 - -112?
122
In base 8, what is 1374 + -2?
1372
In base 3, what is -10 + 102111?
102101
In base 10, what is -173 + -2?
-175
In base 6, what is 300 + -554?
-254
In base 9, what is 0 - 17?
-17
In base 10, what is 23 - 206?
-183
In base 7, what is 225 + 2?
230
In base 13, what is -5 + -1a9?
-1b1
In base 2, what is 1101 - 1?
1100
In base 12, what is 3 - 16ab?
-16a8
In base 14, what is -64 - 11?
-75
In base 13, what is -7 + 23?
19
In base 5, what is -12 - 1012?
-1024
In base 15, what is -e - 5e?
-6d
In base 12, what is -5 + 169?
164
In base 12, what is -2b8 - 3?
-2bb
In base 7, what is 1 + -344?
-343
In base 6, what is -205 + 20?
-145
In base 10, what is 7 + 2?
9
In base 5, what is 3 - 2421?
-2413
In base 7, what is -20556 - 2?
-20561
In base 14, what is 2430 - 2?
242c
In base 12, what is 84b - 5?
846
In base 2, what is -111111 + -101000?
-1100111
In base 5, what is -2 + 233?
231
In base 9, what is -2 - -45?
43
In base 8, what is 1134 + 3?
1137
In base 11, what is 1 - -64?
65
In base 3, what is 101100 + -1111?
22212
In base 14, what is -7 - 1c?
-25
In base 13, what is 1b2 - -2?
1b4
In base 13, what is -1a9 + -2?
-1ab
In base 13, what is -b + 1?
-a
In base 9, what is -4 + -1187?
-1202
In base 10, what is -13 + -53?
-66
In base 7, what is -5 + 301?
263
In base 16, what is 2 - -25?
27
In base 14, what is -22 + 70?
4c
In base 12, what is 1 + b33?
b34
In base 8, what is -343 + 51?
-272
In base 9, what is 22 + -15?
6
In base 7, what is -16 + -30?
-46
In base 5, what is 433 - 4?
424
In base 16, what is 0 + f8?
f8
In base 9, what is -6 + -4?
-11
In base 2, what is -10010001 - 1?
-10010010
In base 7, what is 1046 + -11?
1035
In base 4, what is -3 - 1131?
-1200
In base 10, what is 522 - 5?
517
In base 10, what is -12 - -1658?
1646
In base 10, what is 17 + 0?
17
In base 7, what is -46003 + -2?
-46005
In base 15, what is c + 51?
5d
In base 16, what is e5d - -4?
e61
In base 6, what is -521 + -12?
-533
In base 7, what is -1464 - -4?
-1460
In base 16, what is 0 - c1?
-c1
In base 4, what is -3 - 1202?
-1211
In base 14, what is -5 + 46?
41
In base 12, what is 4 + 1bb?
203
In base 7, what is 100 + 1?
101
In base 8, what is 5 + 12?
17
In base 9, what is 7587 - -2?
7600
In base 10, what is -3946 - -5?
-3941
In base 15, what is -32 - 58?
-8a
In base 8, what is -3 - -77?
74
In base 14, what is 0 - -4d?
4d
In base 12, what is -392 - 5?
-397
In base 16, what is -2 - 14?
-16
In base 3, what is 11110211 - -1?
11110212
In base 9, what is -17 + 0?
-17
In base 5, what is -41 - 10?
-101
In base 12, what is -4 + -1181?
-1185
In base 16, what is -4 - -56?
52
In base 16, what is ff + -3?
fc
In base 13, what is 8 - 25?
-1a
In base 12, what is -66 + -5?
-6b
In base 8, what is 17156 + -2?
17154
In base 15, what is d3 + -2?
d1
In base 14, what is 3 + 68?
6b
In base 14, what is a2 + -2?
a0
In base 7, what is 0 - 1056?
-1056
In base 14, what is cd - 3?
ca
In base 2, what is 10101011 + -111?
10100100
In base 2, what is 1010110010000 + -11?
1010110001101
In base 7, what is 36 - -3?
42
In base 10, what is -42 + -121?
-163
In base 3, what is -21010 - 12?
-21022
In base 7, what is 133 - 21?
112
In base 14, what is -4 + -4b2?
-4b6
In base 4, what is -2201 - 23?
-2230
In base 4, what is -2 - 22120?
-22122
In base 11, what is 4520 - -3?
4523
In base 14, what is 5 - -50?
55
In base 10, what is 1024 - -1?
1025
In base 3, what is 10 + 20?
100
In base 6, what is -35114 - -2?
-35112
In base 12, what is 127 + -2?
125
In base 10, what is -9 - -13?
4
In base 2, what is -1100 + 110?
-110
In base 4, what is 3110131 - 11?
3110120
In base 7, what is -44 + 2?
-42
In base 3, what is 1 + -1222121?
-1222120
In base 11, what is -15 - 120?
-135
In base 5, what is -2020 - -20?
-2000
In base 10, what is -26 - -1?
-25
In base 16, what is -13 - fa?
-10d
In base 13, what is 4 - 22?
-1b
In base 4, what is -113 + 13?
-100
In base 7, what is 106 - 313?
-204
In base 14, what is 1 - 41?
-40
In base 8, what is -1 - -303?
302
In base 13, what is 1 + -2c?
-2b
In base 4, what is 10 - 22332?
-22322
In base 8, what is -1 - 3053?
-3054
In base 9, what is 3 - -511?
514
In base 3, what is -211 + 10222?
10011
In base 9, what is 1 - -2?
3
In base 3, what is -10 + -10112110?
-10112120
In base 5, what is 42000 - -1?
42001
In base 5, what is 1211 - -3?
1214
In base 14, what is 4 + -db?
-d7
In base 15, what is -7a - -8?
-72
In base 14, what is 2 + 674?
676
In base 3, what is -202121111 - 0?
-202121111
In base 11, what is 289 + -5?
284
In base 15, what is -25ac - 5?
-25b2
In base 8, what is 20 - 40?
-20
In base 16, what is 2 - 53a?
-538
In base 4, what is 111 - -1001?
1112
In base 5, what is 42 + 114?
211
In base 5, what is -3112 + -4?
-3121
In base 2, what is -110 + -1?
-111
In base 2, what is -100 + 10101100001?
10101011101
In base 14, what is b0 + 12?
c2
In base 16, what is 313a + 4?
313e
In base 12, what is -8102 + 2?
-8100
In base 5, what is -3140 - 2?
-3142
In base 5, what is 244323 - 2?
244321
In base 4, what is -302 + 1?
-301
In base 16, what is -6 + 7e?
78
In base 15, what is -3 + -33?
-36
In base 2, what is 1000 - 100101110?
-100100110
In base 16, what is -3e4 - -19?
-3cb
In base 8, what is 31 - -54?
105
In base 12, what is 48 - 4?
44
In base 11, what is -3 + -115?
-118
In base 4, what is 10222 + -22?
10200
In base 14, what is 19 - -1c?
37
In base 12, what is 5b - -53?
b2
In base 5, what is 1300 + 0?
1300
In base 15, what is 2 - 362?
-360
In base 15, what is 58d + -4?
589
In base 8, what is -173 + -155?
-350
In base 5, what is 3142 + -2?
3140
In base 12, what is -14 - -4?
-10
In base 5, what is -2040 + -23?
-2113
In base 10, what is 4 - -59?
63
In base 12, what is 3 - -32?
35
In base 2, what is 101 - -10100?
11001
In base 6, what is -10044 + -12?
-10100
In base 13, what is -17 - 27?
-41
In base 9, what is -6 + 5?
-1
In base 15, what is -4 + -164a?
-164e
In base 7, what is 4 - 1341?
-1334
In base 16, what is c6 - 3?
c3
In base 16, what is -5 + -b0c?
-b11
In base 4, what is -1001 - 103?
-1110
In base 3, what is 112222 - -12?
120011
In base 13, what is 0 - 66?
-66
In base 9, what is -8 - 40?
-48
In base 9, what is -358 - -5?
-353
In base 2, what is 100001111 - 101?
100001010
In base 4, what is 0 + 1230?
1230
In base 6, what is -20 + 22?
2
In base 13, what is -2 - -287?
285
In base 4, what is 3 + -312?
-303
In base 13, wha